ond derivative of -f**3/6 + f. Let u be h(4). List the prime factors of (-41)/u - 4/16.
2, 5
Let k(n) = n**2 + 15*n - 15. Let y(b) = -7*b + 7. Let q(m) = 6*k(m) + 13*y(m). List the prime factors of q(-2).
3
Suppose -146 = -b + 5*k - 0*k, 3*b = 4*k + 438. What are the prime factors of b?
2, 73
Let u be 4/(-8)*186/(-3). Suppose 5*l - 19 - u = 0. Suppose -9 = -f + l. List the prime factors of f.
19
Let g(v) = v - 4. List the prime factors of g(9).
5
Let x(y) = y**3 - y**2 + y + 2. Let k be x(0). Let u be ((-63)/(-28))/(k/8). Let w = 18 - u. What are the prime factors of w?
3
Let o = 130 + -86. List the prime factors of o.
2, 11
Let y(w) = w**2 + 7*w + 6. Let s = 2 - 9. What are the prime factors of y(s)?
2, 3
Suppose 3*y - 14 = w, w = 3*w - 4*y + 24. Let r = w - -27. What are the prime factors of r?
19
Let o = -16 - -26. Suppose -4*z - 28 = -4*c, c + 0*c + 3*z + 1 = 0. Let w = o - c. List the prime factors of w.
5
Let c(r) = 89*r + 4. List the prime factors of c(2).
2, 7, 13
Let m(j) = -j - 1. Let r(z) be the third derivative of z**4/24 + 4*z**3/3 - z**2. Let f(y) = -6*m(y) - r(y). List the prime factors of f(2).
2
Let k(v) = v**3 - 3*v**2 + 5*v - 2. What are the prime factors of k(4)?
2, 17
Let v be ((-12)/(-3))/((-4)/(-6)). Suppose 8 = 2*z - v. What are the prime factors of z?
7
Suppose -1 - 7 = l - 3*d, 0 = -2*l - 5*d + 6. What are the prime factors of (-3 - l)/((-1)/3)?
3
Let o(i) = i**3 - i**2 - i + 19. Let y be o(0). Suppose -40 = 15*q - y*q. List the prime factors of q.
2, 5
Let j = 12 - -38. List the prime factors of j.
2, 5
Let c = -66 + 169. What are the prime factors of c?
103
Let d(w) = w**2 + 1. Let f be d(1). List the prime factors of (19 + 3)*1/f.
11
Let x(z) = 16*z**3. Let n be x(1). Let i = n - 13. What are the prime factors of i?
3
Let o(c) = -c**2 - 9*c + 2. Let p be o(-6). Suppose 0 = -4*t - t + 10. Suppose -t*j = -0*j - p. What are the prime factors of j?
2, 5
Let w be (-6)/((-1)/(-2) + -2). Suppose -v + 90 = w*v. List the prime factors of v.
2, 3
Suppose 2*f + 3*d + 20 = 3*f, -4*d = 5*f - 5. Suppose 5 = f*q - 25. What are the prime factors of q?
2, 3
Suppose 5*v - 54 = 291. What are the prime factors of v?
3, 23
Let n = 155 + -59. What are the prime factors of n?
2, 3
Let f(k) = k**3 - 5*k**2 - 3*k + 2. Let q be f(3). Let y be q/(-1)*(-4)/10. What are the prime factors of (6/y)/((-5)/75)?
3
Suppose 0 = 2*f + 4, 4*f = y - f - 13. Suppose -1 = v + y*s, 0 = -5*v - 2*s + 67 - 20. Let q = v - 8. What are the prime factors of q?
3
Suppose 4*o - 3*o + 4 = -5*i, 5*o = 3*i - 20. Let g(q) = -q + 1. Let a(m) = 2*m - 8. Let y(w) = -a(w) - 3*g(w). List the prime factors of y(i).
5
Let c(u) = -u**3 + 2*u**2 + 2*u + 3. Let h be c(3). Suppose h = -k + 5. List the prime factors of k.
5
Let j(o) = 5*o - 21. List the prime factors of j(7).
2, 7
Suppose -4*k - 3*j - j + 140 = 0, 6 = 2*j. Let v be (-2)/5 - k/(-5). Suppose 0 = 4*w - 34 - v. List the prime factors of w.
2, 5
Let q = -234 + 332. Suppose -2*x - 5*k = 65, -5*x - 3*k - q = 17. List the prime factors of x/(-2)*(0 - -1).
2, 5
Let f = 23 + -20. What are the prime factors of f?
3
Let k = 279 + -160. List the prime factors of k.
7, 17
Suppose -7*f + 12*f - 525 = 0. Suppose -4*y + f = y. What are the prime factors of y?
3, 7
Let h(r) = r**2 - r + 66. Let o be h(0). Suppose -4*p + o - 22 = 0. List the prime factors of p.
11
Let o = 9 - 7. What are the prime factors of (1 - 19/o)*-2?
17
Suppose 4*i + 10 = -14. Let g = i + 6. Let t(v) = -v + 9. List the prime factors of t(g).
3
Let g be 6/4*(-30)/(-9). List the prime factors of 2*(-2)/(-4)*g.
5
Suppose 4*l + 9 = -3. What are the prime factors of (-77)/l - 14/21?
5
What are the prime factors of (12/(-15))/(20/(-650))?
2, 13
Suppose -2*v - 2*v + 3*x + 20 = 0, 4*v - 2*x = 16. Suppose 3*t = -4*b + 47, -v*b + 4*t = -0*t + 4. List the prime factors of b.
2
Let j = 32 - 16. Suppose j = -l + 5*l. What are the prime factors of (7/(-2))/((-2)/l)?
7
Suppose 1 - 6 = -b. Let w = 0 - b. List the prime factors of ((-36)/10)/(2/w).
3
Let z(t) = -t**2 - 3*t - 5. Let l be 3/(-4) - 51/12. Let a be z(l). Let y = 22 + a. What are the prime factors of y?
7
Suppose 128 - 43 = 5*h. Suppose -11 = o - h. List the prime factors of o.
2, 3
Suppose 0 = 2*j - 0*j. Let z = 2 - j. Suppose -n = -z*n + 6. List the prime factors of n.
2, 3
Let p(b) = -b**2 - 9*b - 3. Let z be p(-8). Let s = z - 8. What are the prime factors of s*-1*3*1?
3
Let t(w) = w - 5. Let d be t(7). Suppose -16 = -d*a + 2. What are the prime factors of a?
3
List the prime factors of 12*(6/9)/((-24)/(-531)).
3, 59
Let v be 70/21*(-6)/(-4). Suppose v + 25 = 2*d. List the prime factors of d.
3, 5
Suppose -3*c = -5*g + 65 + 27, 2*c = g - 59. Let q = c + 46. List the prime factors of q.
17
Let k be ((-12)/(-15))/((-4)/(-10)). What are the prime factors of 70/k - (-9)/3?
2, 19
Let i(j) be the first derivative of -j**4/2 - j**3/3 - 3*j**2/2 - j + 1. Let z(l) = l - 11. Let r be z(9). What are the prime factors of i(r)?
17
Let q(o) = -1. Let n(c) = -2*c + 1. Let p(w) = n(w) - q(w). List the prime factors of p(-8).
2, 3
What are the prime factors of 4 - (-2 + 1)*76?
2, 5
Suppose -15 = -7*p + 2*p. Suppose p = -a, 2*u + 4*a + 4 = -8. Let k = u - -10. List the prime factors of k.
2, 5
Suppose -4*y = 4*u + y + 2, -4 = 2*y. Suppose -20 = u*r - 66. List the prime factors of r.
23
Let v = 6 + -2. Suppose -2*r - 198 = -5*h + 2*r, 0 = -5*h - r + 213. Suppose 0*l - 3*i - h = -3*l, v*l + 4*i - 16 = 0. List the prime factors of l.
3
Let h(f) = -f - 2. Let s be (5/2)/(-1)*-2. Let d(g) = g**3 - 5*g**2 - 6. Let v be d(s). What are the prime factors of h(v)?
2
Suppose -5*q = -r - 12, 5*q + 0*r = 3*r + 16. Let j(o) = 2*o**3 - 4*o**q + o + 0*o**3 - 3*o**3. List the prime factors of j(-5).
2, 5
Let t be (-2)/6 + (-14)/(-6). Suppose -3*j = -8*j - 5. Let a = t - j. List the prime factors of a.
3
Let s = 96 + 11. List the prime factors of s.
107
Let m = -5 - 2. Let v(n) = 3*n**2 - 4*n - 3. Let b be v(3). Let t = m + b. What are the prime factors of t?
5
Let g(c) = c - 1. Let h be g(-2). Let p = h - -9. List the prime factors of p.
2, 3
Suppose 5*h = -3*t + 116, 0 = 3*h + 4*t - 8*t - 58. What are the prime factors of h?
2, 11
What are the prime factors of -2 + 3 + 6*3?
19
Suppose 0 = 5*k - 49 - 31. Let h(b) = -3*b - 2. Let r be h(-2). Suppose p + 3*m = 2, 0*p - r*m + k = 4*p. List the prime factors of p.
5
Let j be 3/(-1 + 4)*3. Let g = -45 - -103. Suppose -g = -5*p - j. What are the prime factors of p?
11
Let x = -16 + 9. Let a(z) = z. Let b(y) = -8*y - 8. Let h(f) = 5*a(f) + b(f). List the prime factors of h(x).
13
Let n = -59 + 106. What are the prime factors of n?
47
Suppose 6*t - t - 40 = 0. Let c be 2/t - (-39)/4. Suppose 9*i - 4*i = c. What are the prime factors of i?
2
Let z(j) = 2 - 2*j + 0*j - 4. Let b be z(-9). Suppose -3*l = 3*f - 5*f + 1, 2*f = -2*l + b. What are the prime factors of f?
5
Suppose z = -5*u + 852, -4*u + 168 = -3*u + z. List the prime factors of u.
3, 19
Suppose 4*t - 38 = -c, 3*c - c - 62 = -t. Let u = c - -9. What are the prime factors of u?
3, 13
Suppose -2*n = n - 2*j + 48, 73 = -5*n + j. Let l be (-4)/n - (-8466)/14. What are the prime factors of l/35 - (-4)/(-14)?
17
Suppose 23 - 8 = j. List the prime factors of j.
3, 5
Let v(l) = -3 + 4 - 4*l + 5 - 3. List the prime factors of v(-3).
3, 5
Suppose 0 = 4*f - 3*h - 479, h + 3*h = 4*f - 476. What are the prime factors of f?
2, 61
Suppose -5*j = -130 - 40. List the prime factors of j.
2, 17
Let t(o) = -9*o**2 + 11*o - o**3 + 9 + 6 + 0*o**3. Suppose 6 + 4 = -g. What are the prime factors of t(g)?
5
Suppose 90 + 10 = 5*l. List the prime factors of l.
2, 5
Let s be (-4)/(-6) - 5/(-15). Let h(v) = 11*v**2 + 1. What are the prime factors of h(s)?
2, 3
Let h be (1 - 63) + 2*1. Let z = 41 + h. Let l = z - -29. What are the prime factors of l?
2, 5
Suppose 1 + 3 = -4*y. Let z = 1 + y. Suppose z = b - 12. List the prime factors of b.
2, 3
Let b be (1/2)/(1/(-2)). Let r(i) = -3*i**3 - i. What are the prime factors of r(b)?
2
Suppose h = -4*r + 17, 5*h + 2 = r + 3*h. List the prime factors of r.
2
Let y be (-186)/(-10) + (-20)/(-50). Suppose -4*c + u + y = -3*c, -5*u + 52 = 2*c. What are the prime factors of c?
3, 7
What are the prime factors of (-3)/(-9) - 2352/(-